{"id":1273,"date":"2022-03-21T10:02:51","date_gmt":"2022-03-21T09:02:51","guid":{"rendered":"https:\/\/iksd-consulting.com\/?page_id=1273"},"modified":"2024-10-22T01:15:34","modified_gmt":"2024-10-21T23:15:34","slug":"stages-informatique","status":"publish","type":"page","link":"https:\/\/iksd-consulting.com\/index.php\/stages-informatique\/","title":{"rendered":"Stages"},"content":{"rendered":"\t\t<div data-elementor-type=\"wp-page\" data-elementor-id=\"1273\" class=\"elementor elementor-1273\" data-elementor-post-type=\"page\">\n\t\t\t\t\t\t<section class=\"elementor-section elementor-top-section elementor-element elementor-element-1c41900 elementor-section-boxed elementor-section-height-default elementor-section-height-default\" data-id=\"1c41900\" data-element_type=\"section\">\n\t\t\t\t\t\t<div class=\"elementor-container elementor-column-gap-default\">\n\t\t\t\t\t<div class=\"elementor-column elementor-col-33 elementor-top-column elementor-element elementor-element-d8dc13e\" data-id=\"d8dc13e\" data-element_type=\"column\">\n\t\t\t<div class=\"elementor-widget-wrap elementor-element-populated\">\n\t\t\t\t\t\t<div class=\"elementor-element elementor-element-cd7710c elementor-widget elementor-widget-image\" data-id=\"cd7710c\" data-element_type=\"widget\" data-widget_type=\"image.default\">\n\t\t\t\t<div class=\"elementor-widget-container\">\n\t\t\t\t\t\t\t\t\t\t\t\t\t\t\t\t<a href=\"#popup1\">\n\t\t\t\t\t\t\t<img decoding=\"async\" src=\"https:\/\/iksd-consulting.com\/wp-content\/uploads\/2022\/03\/fond.png\" title=\"\" alt=\"\" loading=\"lazy\" \/>\t\t\t\t\t\t\t\t<\/a>\n\t\t\t\t\t\t\t\t\t\t\t\t\t\t\t<\/div>\n\t\t\t\t<\/div>\n\t\t\t\t\t<\/div>\n\t\t<\/div>\n\t\t\t\t<div class=\"elementor-column elementor-col-33 elementor-top-column elementor-element elementor-element-5544d92\" data-id=\"5544d92\" data-element_type=\"column\">\n\t\t\t<div class=\"elementor-widget-wrap elementor-element-populated\">\n\t\t\t\t\t\t<div class=\"elementor-element elementor-element-1218934 elementor-widget elementor-widget-heading\" data-id=\"1218934\" data-element_type=\"widget\" data-widget_type=\"heading.default\">\n\t\t\t\t<div class=\"elementor-widget-container\">\n\t\t\t\t\t<h2 class=\"elementor-heading-title elementor-size-default\"><a href=\"#popup1\">D\u00e9veloppeur\/euse web Full stack<\/a><\/h2>\t\t\t\t<\/div>\n\t\t\t\t<\/div>\n\t\t\t\t<div class=\"elementor-element elementor-element-4f06670 elementor-widget elementor-widget-text-editor\" data-id=\"4f06670\" data-element_type=\"widget\" data-widget_type=\"text-editor.default\">\n\t\t\t\t<div class=\"elementor-widget-container\">\n\t\t\t\t\t\t\t\t\t<p>D\u00e9butant accept\u00e9, mais quelques mois d\u2019exp\u00e9riences dans le domaine serait un plus.\u00a0 \u00a0 \u00a0 \u00a0 \u00a0 \u00a0 \u00a0 \u00a0BAC + 3 avec une sp\u00e9cialisation IT ou \u00e9quivalent<\/p>\t\t\t\t\t\t\t\t<\/div>\n\t\t\t\t<\/div>\n\t\t\t\t\t<\/div>\n\t\t<\/div>\n\t\t\t\t<div class=\"elementor-column elementor-col-33 elementor-top-column elementor-element elementor-element-ed1244c\" data-id=\"ed1244c\" data-element_type=\"column\">\n\t\t\t<div class=\"elementor-widget-wrap elementor-element-populated\">\n\t\t\t\t\t\t\t<\/div>\n\t\t<\/div>\n\t\t\t\t\t<\/div>\n\t\t<\/section>\n\t\t\t\t<section class=\"elementor-section elementor-top-section elementor-element elementor-element-9d95b76 elementor-section-boxed elementor-section-height-default elementor-section-height-default\" data-id=\"9d95b76\" data-element_type=\"section\">\n\t\t\t\t\t\t<div class=\"elementor-container elementor-column-gap-default\">\n\t\t\t\t\t<div class=\"elementor-column elementor-col-100 elementor-top-column elementor-element elementor-element-f591a0c\" data-id=\"f591a0c\" data-element_type=\"column\">\n\t\t\t<div class=\"elementor-widget-wrap elementor-element-populated\">\n\t\t\t\t\t\t<div class=\"elementor-element elementor-element-12d093c elementor-widget-divider--view-line elementor-widget elementor-widget-divider\" data-id=\"12d093c\" data-element_type=\"widget\" data-widget_type=\"divider.default\">\n\t\t\t\t<div class=\"elementor-widget-container\">\n\t\t\t\t\t\t\t<div class=\"elementor-divider\">\n\t\t\t<span class=\"elementor-divider-separator\">\n\t\t\t\t\t\t<\/span>\n\t\t<\/div>\n\t\t\t\t\t\t<\/div>\n\t\t\t\t<\/div>\n\t\t\t\t\t<\/div>\n\t\t<\/div>\n\t\t\t\t\t<\/div>\n\t\t<\/section>\n\t\t\t\t<section class=\"elementor-section elementor-top-section elementor-element elementor-element-b1b08fd elementor-section-boxed elementor-section-height-default elementor-section-height-default\" data-id=\"b1b08fd\" data-element_type=\"section\">\n\t\t\t\t\t\t<div class=\"elementor-container elementor-column-gap-default\">\n\t\t\t\t\t<div class=\"elementor-column elementor-col-33 elementor-top-column elementor-element elementor-element-9d652da\" data-id=\"9d652da\" data-element_type=\"column\">\n\t\t\t<div class=\"elementor-widget-wrap elementor-element-populated\">\n\t\t\t\t\t\t<div class=\"elementor-element elementor-element-53c8ca9 elementor-widget elementor-widget-image\" data-id=\"53c8ca9\" data-element_type=\"widget\" data-widget_type=\"image.default\">\n\t\t\t\t<div class=\"elementor-widget-container\">\n\t\t\t\t\t\t\t\t\t\t\t\t\t\t\t\t<a href=\"#popup2\">\n\t\t\t\t\t\t\t<img decoding=\"async\" src=\"https:\/\/iksd-consulting.com\/wp-content\/uploads\/2022\/03\/fond.png\" title=\"\" alt=\"\" loading=\"lazy\" \/>\t\t\t\t\t\t\t\t<\/a>\n\t\t\t\t\t\t\t\t\t\t\t\t\t\t\t<\/div>\n\t\t\t\t<\/div>\n\t\t\t\t\t<\/div>\n\t\t<\/div>\n\t\t\t\t<div class=\"elementor-column elementor-col-33 elementor-top-column elementor-element elementor-element-9f6e956\" data-id=\"9f6e956\" data-element_type=\"column\">\n\t\t\t<div class=\"elementor-widget-wrap elementor-element-populated\">\n\t\t\t\t\t\t<div class=\"elementor-element elementor-element-21d99c5 elementor-widget elementor-widget-heading\" data-id=\"21d99c5\" data-element_type=\"widget\" data-widget_type=\"heading.default\">\n\t\t\t\t<div class=\"elementor-widget-container\">\n\t\t\t\t\t<h2 class=\"elementor-heading-title elementor-size-default\"><a href=\"#popup2\">Responsable commerciale<\/a><\/h2>\t\t\t\t<\/div>\n\t\t\t\t<\/div>\n\t\t\t\t<div class=\"elementor-element elementor-element-9a11ba2 elementor-widget elementor-widget-text-editor\" data-id=\"9a11ba2\" data-element_type=\"widget\" data-widget_type=\"text-editor.default\">\n\t\t\t\t<div class=\"elementor-widget-container\">\n\t\t\t\t\t\t\t\t\t<p>D\u00e9butant accept\u00e9, mais quelques mois d\u2019exp\u00e9riences dans le domaine serait un plus.&nbsp; &nbsp; &nbsp; &nbsp; &nbsp; &nbsp; &nbsp;<span style=\"font-family: Lato, sans-serif;\">BAC + 3 commerce et communication ou \u00e9quivalent.<\/span><\/p>\t\t\t\t\t\t\t\t<\/div>\n\t\t\t\t<\/div>\n\t\t\t\t\t<\/div>\n\t\t<\/div>\n\t\t\t\t<div class=\"elementor-column elementor-col-33 elementor-top-column elementor-element elementor-element-6b2870d\" data-id=\"6b2870d\" data-element_type=\"column\">\n\t\t\t<div class=\"elementor-widget-wrap elementor-element-populated\">\n\t\t\t\t\t\t\t<\/div>\n\t\t<\/div>\n\t\t\t\t\t<\/div>\n\t\t<\/section>\n\t\t\t\t<section class=\"elementor-section elementor-top-section elementor-element elementor-element-5e63a1f elementor-section-boxed elementor-section-height-default elementor-section-height-default\" data-id=\"5e63a1f\" data-element_type=\"section\">\n\t\t\t\t\t\t<div class=\"elementor-container elementor-column-gap-default\">\n\t\t\t\t\t<div class=\"elementor-column elementor-col-100 elementor-top-column elementor-element elementor-element-c3eb5be\" data-id=\"c3eb5be\" data-element_type=\"column\">\n\t\t\t<div class=\"elementor-widget-wrap elementor-element-populated\">\n\t\t\t\t\t\t<div class=\"elementor-element elementor-element-96fa2ac elementor-widget-divider--view-line elementor-widget elementor-widget-divider\" data-id=\"96fa2ac\" data-element_type=\"widget\" data-widget_type=\"divider.default\">\n\t\t\t\t<div class=\"elementor-widget-container\">\n\t\t\t\t\t\t\t<div class=\"elementor-divider\">\n\t\t\t<span class=\"elementor-divider-separator\">\n\t\t\t\t\t\t<\/span>\n\t\t<\/div>\n\t\t\t\t\t\t<\/div>\n\t\t\t\t<\/div>\n\t\t\t\t\t<\/div>\n\t\t<\/div>\n\t\t\t\t\t<\/div>\n\t\t<\/section>\n\t\t\t\t<section class=\"elementor-section elementor-top-section elementor-element elementor-element-4522d6e elementor-section-boxed elementor-section-height-default elementor-section-height-default\" data-id=\"4522d6e\" data-element_type=\"section\">\n\t\t\t\t\t\t<div class=\"elementor-container elementor-column-gap-default\">\n\t\t\t\t\t<div class=\"elementor-column elementor-col-100 elementor-top-column elementor-element elementor-element-7fea62b\" data-id=\"7fea62b\" data-element_type=\"column\">\n\t\t\t<div class=\"elementor-widget-wrap elementor-element-populated\">\n\t\t\t\t\t\t<div class=\"elementor-element elementor-element-e1f3d97 elementor-widget elementor-widget-html\" data-id=\"e1f3d97\" data-element_type=\"widget\" data-widget_type=\"html.default\">\n\t\t\t\t<div class=\"elementor-widget-container\">\n\t\t\t\t\t<div id=\"popup1\" class=\"overlay\">\r\n\t<div class=\"popup\">\r\n\t\t<h2>D\u00e9veloppeur\/euse web Full stack<\/h2>\r\n\t\t<a class=\"close\" href=\"#\">&times;<\/a>\r\n\t\t<div class=\"content\">\r\n\t\t    <h3>Missions<\/h3>\r\n\t\t    <ul>\r\n<li>R\u00e9alisez des \u00e9tudes techniques ;<\/li>\r\n<li>Participez aux phases de conception ;<\/li>\r\n<li>R\u00e9alisez des d\u00e9veloppements et des tests unitaires ;<\/li>\r\n<li>Participez \u00e0 la qualification avant la livraison client ;<\/li>\r\n<li> Analysez et proposez des corrections d\u2019incidents et d\u2019anomalies.<\/li>\r\n\t\t\t<\/ul>\r\n\t\t\t<h3>Dur\u00e9e du stage<\/h3>\r\n\t\t\t<ul>\r\n\t\t\t<li>4 (quatre) mois<\/li>\r\n\t\t\t<\/ul>\r\n\t\t\t<h3>Exp\u00e9rience<\/h3>\r\n\t\t    <ul>\r\n<li>D\u00e9butant accept\u00e9, mais quelques mois d\u2019exp\u00e9riences dans le domaine serait un plus.<\/li>\r\n            <\/ul>\r\n\t\t\t<h3>Comment postuler ?<\/h3>\r\n\t\t\t<ul>\r\n\t\t\t<li>Envoyer votre CV + Lettre de motivation \u00e0 : iksd.consulting@gmail.com ou\r\nrendez-vous dans nos loacaux \u00e0 Faladi\u00e9 SEMA pour un dep\u00f4t physique.<\/li>\r\n\t\t\t<\/ul>\r\n\t\t<\/div>\r\n\t<\/div>\r\n<\/div>\r\n\r\n<div id=\"popup2\" class=\"overlay\">\r\n\t<div class=\"popup\">\r\n\t\t<h2>Responsable commerciale<\/h2>\r\n\t\t<a class=\"close\" href=\"#\">&times;<\/a>\r\n\t\t<div class=\"content\">\r\n\t\t    <h3>Missions<\/h3>\r\n\t\t    <ul>\r\n<li>Prospections, mise \u00e0 jour de la base de donn\u00e9e des clients, entretien t\u00e9l\u00e9phonique\r\n(clients, candidats inscrits \u00e0 nos formations et caf\u00e9s technologique), r\u00e9f\u00e9rencement,\r\n\u00e9v\u00e8nementiel.<\/li>\r\n\r\n\t\t\t<\/ul>\r\n\t\t\t<h3>Dur\u00e9e du stage<\/h3>\r\n\t\t\t<ul>\r\n\t\t\t<li>4 (quatre) mois<\/li>\r\n\t\t\t<\/ul>\r\n\t\t\t<h3>Exp\u00e9rience<\/h3>\r\n\t\t    <ul>\r\n<li>D\u00e9butant accept\u00e9, mais quelques mois d\u2019exp\u00e9riences dans le domaine serait un plus.<\/li>\r\n            <\/ul>\r\n\t\t\t<h3>Comment postuler ?<\/h3>\r\n\t\t\t<ul>\r\n\t\t\t<li>Envoyer votre CV + Lettre de motivation \u00e0 : iksd.consulting@gmail.com ou\r\nrendez-vous dans nos loacaux \u00e0 Faladi\u00e9 SEMA pour un dep\u00f4t physique.<\/li>\r\n\t\t\t<\/ul>\r\n\r\n\t\t<\/div>\r\n\t<\/div>\r\n<\/div>\r\n\r\n<style>\r\n\r\n\r\n\r\n.button {\r\n  font-size: 1em;\r\n  padding: 10px;\r\n  color: #fff;\r\n  border: 2px solid #06D85F;\r\n  border-radius: 20px\/50px;\r\n  text-decoration: none;\r\n  cursor: pointer;\r\n  transition: all 0.3s ease-out;\r\n}\r\n.button:hover {\r\n  background: #06D85F;\r\n}\r\n\r\n.overlay {\r\n  position: fixed;\r\n  top: 100px;\r\n  bottom: 0;\r\n  left: 0;\r\n  right: 0;\r\n  background: rgba(0, 0, 0, 0.7);\r\n  transition: opacity 500ms;\r\n  visibility: hidden;\r\n  opacity: 0;\r\n}\r\n.overlay:target {\r\n  visibility: visible;\r\n  opacity: 1;\r\n}\r\n\r\n.content {\r\n    text-align: left;\r\n    height: 50vh;\r\n}\r\n\r\n.popup {\r\n  margin: 70px auto;\r\n  padding: 20px;\r\n  background: #fff;\r\n  border-radius: 5px;\r\n  width: 60%;\r\n  position: relative;\r\n  transition: all 5s ease-in-out;\r\n  text-align: center;\r\n  z-index: 1005;\r\n}\r\n\r\n.popup h2 {\r\n  margin-top: 0;\r\n  color: #333;\r\n  font-family: Tahoma, Arial, sans-serif;\r\n}\r\n.popup .close {\r\n  position: absolute;\r\n  top: 20px;\r\n  right: 30px;\r\n  transition: all 200ms;\r\n  font-size: 30px;\r\n  font-weight: bold;\r\n  text-decoration: none;\r\n  color: #333;\r\n}\r\n.popup .close:hover {\r\n  color: #06D85F;\r\n}\r\n.popup .content {\r\n  max-height: 30%;\r\n  overflow: auto;\r\n}\r\n\r\nh2 > a {\r\n    font-size: 24px !important;\r\n}\r\n\r\n@media screen and (max-width: 700px){\r\n  .box{\r\n    width: 70%;\r\n  }\r\n  .popup{\r\n    width: 70%;\r\n    top: 50px;\r\n  }\r\n}\r\n<\/style>\t\t\t\t<\/div>\n\t\t\t\t<\/div>\n\t\t\t\t\t<\/div>\n\t\t<\/div>\n\t\t\t\t\t<\/div>\n\t\t<\/section>\n\t\t\t\t<\/div>\n\t\t","protected":false},"excerpt":{"rendered":"<p>Stages de perfectionnement en cours \u00e0 IKSD Consulting<\/p>\n","protected":false},"author":13,"featured_media":0,"parent":0,"menu_order":0,"comment_status":"closed","ping_status":"closed","template":"","meta":{"footnotes":""},"class_list":["post-1273","page","type-page","status-publish","hentry"],"_links":{"self":[{"href":"https:\/\/iksd-consulting.com\/index.php\/wp-json\/wp\/v2\/pages\/1273","targetHints":{"allow":["GET"]}}],"collection":[{"href":"https:\/\/iksd-consulting.com\/index.php\/wp-json\/wp\/v2\/pages"}],"about":[{"href":"https:\/\/iksd-consulting.com\/index.php\/wp-json\/wp\/v2\/types\/page"}],"author":[{"embeddable":true,"href":"https:\/\/iksd-consulting.com\/index.php\/wp-json\/wp\/v2\/users\/13"}],"replies":[{"embeddable":true,"href":"https:\/\/iksd-consulting.com\/index.php\/wp-json\/wp\/v2\/comments?post=1273"}],"version-history":[{"count":0,"href":"https:\/\/iksd-consulting.com\/index.php\/wp-json\/wp\/v2\/pages\/1273\/revisions"}],"wp:attachment":[{"href":"https:\/\/iksd-consulting.com\/index.php\/wp-json\/wp\/v2\/media?parent=1273"}],"curies":[{"name":"wp","href":"https:\/\/api.w.org\/{rel}","templated":true}]}}