{"id":652,"date":"2022-03-12T12:53:22","date_gmt":"2022-03-12T11:53:22","guid":{"rendered":"http:\/\/iksd-consulting.com\/?page_id=652"},"modified":"2024-10-22T01:14:50","modified_gmt":"2024-10-21T23:14:50","slug":"formation","status":"publish","type":"page","link":"https:\/\/iksd-consulting.com\/index.php\/consultez-nos-services\/formation\/","title":{"rendered":"Formation"},"content":{"rendered":"\t\t<div data-elementor-type=\"wp-page\" data-elementor-id=\"652\" class=\"elementor elementor-652\" data-elementor-post-type=\"page\">\n\t\t\t\t\t\t<section class=\"elementor-section elementor-top-section elementor-element elementor-element-e64ef6f elementor-section-boxed elementor-section-height-default elementor-section-height-default\" data-id=\"e64ef6f\" data-element_type=\"section\">\n\t\t\t\t\t\t<div class=\"elementor-container elementor-column-gap-default\">\n\t\t\t\t\t<div class=\"elementor-column elementor-col-66 elementor-top-column elementor-element elementor-element-44ca513\" data-id=\"44ca513\" data-element_type=\"column\">\n\t\t\t<div class=\"elementor-widget-wrap elementor-element-populated\">\n\t\t\t\t\t\t<div class=\"elementor-element elementor-element-5f786fd elementor-widget elementor-widget-text-editor\" data-id=\"5f786fd\" data-element_type=\"widget\" data-widget_type=\"text-editor.default\">\n\t\t\t\t<div class=\"elementor-widget-container\">\n\t\t\t\t\t\t\t\t\t<h3 class=\"green_sub\">Nos experts vous accompagne dans la formation de vos collaborateurs et\/ou de vous-m\u00eame. Ne l\u2019oubliez-pas, la formation est un r\u00e9el levier strat\u00e9gique en entreprise.<\/h3>\nA IKSD Consulting nous sommes convaincus que\n\nFormer son personnel permet d\u2019accro\u00eetre la production et la qualit\u00e9 de production, en outre les technologies \u00e9voluent tr\u00e8s rapidement, les responsables des services IT et les responsables RH se doivent d\u2019apporter en permanence une r\u00e9ponse aux collaborateurs en termes de nouvelles comp\u00e9tences.\n\nNotre catalogue de formation vous pr\u00e9sente nos offres de formations sous forme d\u2019ateliers et de s\u00e9minaires. L&rsquo;\u00e9tude et l&rsquo;analyse de vos besoins permettrons d&rsquo;adapter ces offres \u00e0 votre entreprise.\n<h3 class=\"green_sub pt-1\">D&rsquo;\u00e9tapes en \u00e9tapes jusqu&rsquo;\u00e0 la certification<\/h3>\nA IKSD Consulting, nos formations contribuent \u00e0 vous emmener jusqu\u2019au niveau de la certification du domaine choisi. C\u2019est ainsi que nous vous assurons les meilleurs experts et de consultants certifi\u00e9s.\t\t\t\t\t\t\t\t<\/div>\n\t\t\t\t<\/div>\n\t\t\t\t\t<\/div>\n\t\t<\/div>\n\t\t\t\t<div class=\"elementor-column elementor-col-33 elementor-top-column elementor-element elementor-element-9d4ae27\" data-id=\"9d4ae27\" data-element_type=\"column\">\n\t\t\t<div class=\"elementor-widget-wrap\">\n\t\t\t\t\t\t\t<\/div>\n\t\t<\/div>\n\t\t\t\t\t<\/div>\n\t\t<\/section>\n\t\t\t\t<section class=\"elementor-section elementor-top-section elementor-element elementor-element-34ff376 elementor-section-boxed elementor-section-height-default elementor-section-height-default\" data-id=\"34ff376\" data-element_type=\"section\">\n\t\t\t\t\t\t<div class=\"elementor-container elementor-column-gap-default\">\n\t\t\t\t\t<div class=\"elementor-column elementor-col-66 elementor-top-column elementor-element elementor-element-5ae4a16\" data-id=\"5ae4a16\" data-element_type=\"column\">\n\t\t\t<div class=\"elementor-widget-wrap elementor-element-populated\">\n\t\t\t\t\t\t<div class=\"elementor-element elementor-element-8951bee elementor-widget elementor-widget-html\" data-id=\"8951bee\" data-element_type=\"widget\" data-widget_type=\"html.default\">\n\t\t\t\t<div class=\"elementor-widget-container\">\n\t\t\t\t\t<div class=\"solution-container\">\n        <div class=\"solution solution1\">\n            <div class=\"slt-header\">\n                <img decoding=\"async\" src=\"https:\/\/iksd-consulting.com\/wp-content\/uploads\/2022\/03\/LibrarySymbolLaptop-WifiBl.jpg\"  width=\"100%\" height=\"100%\">\n                <h3 class=\"slt-title\">At\u00e9lier <\/h3>\n            <\/div>\n            <div class=\"slt-body\">\n                <p>\n                    Les ateliers de formation, sont des s\u00e9ances de formation compos\u00e9es de th\u00e9ories et de pratiques...\n                <\/p>\n            <\/div>\n            <div class=\"slt-footer\">\n                <a href=\"\/?page_id=1367\" class=\"btn btn-show-more\">Voir plus<\/a>\n            <\/div>\n        <\/div>\n        <div class=\"solution solution2\">\n            <div class=\"slt-header\">\n                <img decoding=\"async\" src=\"https:\/\/iksd-consulting.com\/wp-content\/uploads\/2022\/03\/logo-formation.jpg\" alt=\"Infrastructure\"  width=\"100%\" height=\"100%\">\n                <h3 class=\"slt-title\">S\u00e9minaire<\/h3>\n            <\/div>\n            <div class=\"slt-body\">\n                <p>\n                    Les s\u00e9minaires de formation, sont des s\u00e9ances de pr\u00e9sentation, de sensibilisation, d\u2019\u00e9change et de retour d\u2019exp\u00e9rience...\n                <\/p>\n            <\/div>\n            <div class=\"slt-footer\">\n                <a href=\"\/?page_id=1370\" class=\"btn btn-show-more\">Voir plus<\/a>\n            <\/div>\n        <\/div>\n    <\/div>\n    \n    <div class=\"gestion-entreprise-container\">\n        <div class=\"gestion-entreprise gestion-entreprise3\" style=\"width:47%;\">\n            <div class=\"ged-enter-header\">\n                <img decoding=\"async\" src=\"https:\/\/iksd-consulting.com\/wp-content\/uploads\/2022\/03\/images-1.png\" alt=\"ERP\"  width=\"100%\" height=\"100%\">\n                <h3 class=\"ged-enter-title\">Caf\u00e9 Technologique<\/h3>\n            <\/div>\n            <div class=\"ged-enter-body\">\n                <p>\n                    Le caf\u00e9 technologique est un \u00e9v\u00e8nement gratuit ouvert \u00e0 tous...\n                <\/p>\n            <\/div>\n            <div class=\"ged-enter-footer\">\n                <a href=\"\/?page_id=248\" class=\"btn btn-show-more\">Je m'inscris<\/a>\n            <\/div>\n        <\/div>\n    <\/div>\t\t\t\t<\/div>\n\t\t\t\t<\/div>\n\t\t\t\t\t<\/div>\n\t\t<\/div>\n\t\t\t\t<div class=\"elementor-column elementor-col-33 elementor-top-column elementor-element elementor-element-5973746\" data-id=\"5973746\" data-element_type=\"column\">\n\t\t\t<div class=\"elementor-widget-wrap elementor-element-populated\">\n\t\t\t\t\t\t<div class=\"elementor-element elementor-element-5154d90 elementor-widget elementor-widget-html\" data-id=\"5154d90\" data-element_type=\"widget\" data-widget_type=\"html.default\">\n\t\t\t\t<div class=\"elementor-widget-container\">\n\t\t\t\t\t<div class=\"ta-j\">\r\n    <div>\r\n        <h6>Nos formations en intra-entreprise<\/h6>\r\n        <p style=\"padding-left:5px\">\u2022\tNous formons vos \u00e9quipes sur un projet commun, avec des niveaux plus homog\u00e8nes<br\/>\r\n\u2022\tNous pratiquons un tarif forfaitaire (de 3 \u00e0 10 participants)<br\/>\r\n\r\n\u2022\tVous choisissez la date et le lieu de votre formation\r\n<\/p>\r\n    <\/div>\r\n    <div>\r\n        <h6>Nos formations certifiantes<\/h6>\r\n        <p style=\"padding-left:5px\">\u2022\tLPI<br\/>\r\n\u2022\tGestion de projet<br\/>\r\n\r\n\u2022\tManagement de la qualit\u00e9\r\n<\/p>\r\n    <\/div>\r\n    <div>\r\n        <h6>Notre \u00e9quipe<\/h6>\r\n        <p style=\"padding-left:5px\">\u2022\tNos \u00e9quipes sont constitu\u00e9es de sp\u00e9cialistes r\u00e9parties aux diff\u00e9rents p\u00f4les qui chaque jour, dans des contextes vari\u00e9s mettent en \u0153uvre les technologies et les outils sur lesquels vous cherchez des r\u00e9ponses.\r\n<\/p>\r\n    <\/div>\r\n<\/div>\t\t\t\t<\/div>\n\t\t\t\t<\/div>\n\t\t\t\t\t<\/div>\n\t\t<\/div>\n\t\t\t\t\t<\/div>\n\t\t<\/section>\n\t\t\t\t<\/div>\n\t\t","protected":false},"excerpt":{"rendered":"<p>Notre offre de formation tient sur un catalogue cr\u00e9e et enrichi par nos experts &#038; consultants dans le domaine de la formation<\/p>\n","protected":false},"author":13,"featured_media":0,"parent":54,"menu_order":0,"comment_status":"closed","ping_status":"closed","template":"","meta":{"footnotes":""},"class_list":["post-652","page","type-page","status-publish","hentry"],"_links":{"self":[{"href":"https:\/\/iksd-consulting.com\/index.php\/wp-json\/wp\/v2\/pages\/652","targetHints":{"allow":["GET"]}}],"collection":[{"href":"https:\/\/iksd-consulting.com\/index.php\/wp-json\/wp\/v2\/pages"}],"about":[{"href":"https:\/\/iksd-consulting.com\/index.php\/wp-json\/wp\/v2\/types\/page"}],"author":[{"embeddable":true,"href":"https:\/\/iksd-consulting.com\/index.php\/wp-json\/wp\/v2\/users\/13"}],"replies":[{"embeddable":true,"href":"https:\/\/iksd-consulting.com\/index.php\/wp-json\/wp\/v2\/comments?post=652"}],"version-history":[{"count":0,"href":"https:\/\/iksd-consulting.com\/index.php\/wp-json\/wp\/v2\/pages\/652\/revisions"}],"up":[{"embeddable":true,"href":"https:\/\/iksd-consulting.com\/index.php\/wp-json\/wp\/v2\/pages\/54"}],"wp:attachment":[{"href":"https:\/\/iksd-consulting.com\/index.php\/wp-json\/wp\/v2\/media?parent=652"}],"curies":[{"name":"wp","href":"https:\/\/api.w.org\/{rel}","templated":true}]}}